{"id":405,"date":"2020-05-20T23:24:38","date_gmt":"2020-05-20T21:24:38","guid":{"rendered":"https:\/\/stephanecade.com\/?page_id=405"},"modified":"2020-05-25T09:26:49","modified_gmt":"2020-05-25T07:26:49","slug":"marelle","status":"publish","type":"page","link":"https:\/\/stephanecade.com\/index.php\/marelle\/","title":{"rendered":"Marelle"},"content":{"rendered":"\n<p>Cher visiteur, aujourd\u2019hui comme tu sais, la popularit\u00e9 d\u2019un artiste se mesure en nombre de clics. Les algorithmes qui pilotent&nbsp;les r\u00e9seaux sociaux se fichent bien de savoir si la chanson est bonne. Ils comptent les clics, un point c\u2019est tout. Dans la chanson fran\u00e7aise on clique peu. On a pass\u00e9 l\u2019\u00e2ge, on a sa fiert\u00e9, on a&nbsp;mieux \u00e0 faire, que sais-je&#8230; En revanche, les teen-agers qui \u00e9coutent de la musique qualifi\u00e9e poliment d\u2019 <em>\u00ab&nbsp;urbaine&nbsp;\u00bb<\/em> (rap, r\u2019n\u2019b,&#8230;),&nbsp;cliquent sur tout ce qui bouge, \u00e0 longueur de journ\u00e9e.<\/p>\n\n\n\n<p><strong>R\u00e9sultat : <\/strong>y\u2019a plus que&nbsp;des trucs pour les teen-agers partout. C\u2019est m\u00e9canique. Toi qui, comme moi, aimes la chanson, ne sois pas abstentionniste, clique ! Ne te laisse&nbsp;pas d\u00e9poss\u00e9der des ondes radio et des salles de spectacles. Abonne-toi aux artistes que tu aimes, like&nbsp;leur page, fais&nbsp;vibrer la toile pour que l\u2019algorithme aux longues pattes s\u2019aper\u00e7oive qu\u2019il y a de la vie par l\u00e0 aussi, du c\u00f4t\u00e9 de la chanson. <br>Et la fasse vivre au lieu de l\u2019enterrer.&nbsp;<\/p>\n\n\n\n<p><strong>Alors, si tu veux me soutenir, voici comment faire. Merci.<\/strong><\/p>\n\n\n\n<figure class=\"wp-block-image size-large\"><a href=\"https:\/\/www.facebook.com\/stephanecadepage\/\" target=\"_blank\" rel=\"noopener noreferrer\"><img data-attachment-id=\"410\" data-permalink=\"https:\/\/stephanecade.com\/index.php\/marelle\/cartouche-facebook\/\" data-orig-file=\"https:\/\/i0.wp.com\/stephanecade.com\/wp-content\/uploads\/2020\/05\/Cartouche-Facebook.jpg?fit=1000%2C200&amp;ssl=1\" data-orig-size=\"1000,200\" data-comments-opened=\"0\" data-image-meta=\"{&quot;aperture&quot;:&quot;0&quot;,&quot;credit&quot;:&quot;&quot;,&quot;camera&quot;:&quot;&quot;,&quot;caption&quot;:&quot;&quot;,&quot;created_timestamp&quot;:&quot;0&quot;,&quot;copyright&quot;:&quot;&quot;,&quot;focal_length&quot;:&quot;0&quot;,&quot;iso&quot;:&quot;0&quot;,&quot;shutter_speed&quot;:&quot;0&quot;,&quot;title&quot;:&quot;&quot;,&quot;orientation&quot;:&quot;1&quot;}\" data-image-title=\"Cartouche-Facebook\" data-image-description=\"\" data-medium-file=\"https:\/\/i0.wp.com\/stephanecade.com\/wp-content\/uploads\/2020\/05\/Cartouche-Facebook.jpg?fit=300%2C60&amp;ssl=1\" data-large-file=\"https:\/\/i0.wp.com\/stephanecade.com\/wp-content\/uploads\/2020\/05\/Cartouche-Facebook.jpg?fit=525%2C105&amp;ssl=1\" loading=\"lazy\" width=\"525\" height=\"105\" src=\"https:\/\/i0.wp.com\/stephanecade.com\/wp-content\/uploads\/2020\/05\/Cartouche-Facebook.jpg?resize=525%2C105&#038;ssl=1\" alt=\"\" class=\"wp-image-410\" srcset=\"https:\/\/i0.wp.com\/stephanecade.com\/wp-content\/uploads\/2020\/05\/Cartouche-Facebook.jpg?w=1000&amp;ssl=1 1000w, https:\/\/i0.wp.com\/stephanecade.com\/wp-content\/uploads\/2020\/05\/Cartouche-Facebook.jpg?resize=300%2C60&amp;ssl=1 300w, https:\/\/i0.wp.com\/stephanecade.com\/wp-content\/uploads\/2020\/05\/Cartouche-Facebook.jpg?resize=768%2C154&amp;ssl=1 768w\" sizes=\"(max-width: 706px) 89vw, (max-width: 767px) 82vw, 740px\" data-recalc-dims=\"1\" \/><\/a><\/figure>\n\n\n\n<figure class=\"wp-block-image size-large\"><a href=\"https:\/\/www.youtube.com\/user\/millemillions\" target=\"_blank\" rel=\"noopener noreferrer\"><img data-attachment-id=\"413\" data-permalink=\"https:\/\/stephanecade.com\/index.php\/marelle\/cartouche-youtube\/\" data-orig-file=\"https:\/\/i2.wp.com\/stephanecade.com\/wp-content\/uploads\/2020\/05\/Cartouche-Youtube.jpg?fit=1000%2C200&amp;ssl=1\" data-orig-size=\"1000,200\" data-comments-opened=\"0\" data-image-meta=\"{&quot;aperture&quot;:&quot;0&quot;,&quot;credit&quot;:&quot;&quot;,&quot;camera&quot;:&quot;&quot;,&quot;caption&quot;:&quot;&quot;,&quot;created_timestamp&quot;:&quot;0&quot;,&quot;copyright&quot;:&quot;&quot;,&quot;focal_length&quot;:&quot;0&quot;,&quot;iso&quot;:&quot;0&quot;,&quot;shutter_speed&quot;:&quot;0&quot;,&quot;title&quot;:&quot;&quot;,&quot;orientation&quot;:&quot;1&quot;}\" data-image-title=\"Cartouche-Youtube\" data-image-description=\"\" data-medium-file=\"https:\/\/i2.wp.com\/stephanecade.com\/wp-content\/uploads\/2020\/05\/Cartouche-Youtube.jpg?fit=300%2C60&amp;ssl=1\" data-large-file=\"https:\/\/i2.wp.com\/stephanecade.com\/wp-content\/uploads\/2020\/05\/Cartouche-Youtube.jpg?fit=525%2C105&amp;ssl=1\" loading=\"lazy\" width=\"525\" height=\"105\" src=\"https:\/\/i2.wp.com\/stephanecade.com\/wp-content\/uploads\/2020\/05\/Cartouche-Youtube.jpg?resize=525%2C105&#038;ssl=1\" alt=\"\" class=\"wp-image-413\" srcset=\"https:\/\/i2.wp.com\/stephanecade.com\/wp-content\/uploads\/2020\/05\/Cartouche-Youtube.jpg?w=1000&amp;ssl=1 1000w, https:\/\/i2.wp.com\/stephanecade.com\/wp-content\/uploads\/2020\/05\/Cartouche-Youtube.jpg?resize=300%2C60&amp;ssl=1 300w, https:\/\/i2.wp.com\/stephanecade.com\/wp-content\/uploads\/2020\/05\/Cartouche-Youtube.jpg?resize=768%2C154&amp;ssl=1 768w\" sizes=\"(max-width: 706px) 89vw, (max-width: 767px) 82vw, 740px\" data-recalc-dims=\"1\" \/><\/a><\/figure>\n\n\n\n<figure class=\"wp-block-image size-large\"><a href=\"https:\/\/www.instagram.com\/stephanecade\/\" target=\"_blank\" rel=\"noopener noreferrer\"><img data-attachment-id=\"415\" data-permalink=\"https:\/\/stephanecade.com\/index.php\/marelle\/cartouche-instagram\/\" data-orig-file=\"https:\/\/i0.wp.com\/stephanecade.com\/wp-content\/uploads\/2020\/05\/Cartouche-Instagram.jpg?fit=1000%2C200&amp;ssl=1\" data-orig-size=\"1000,200\" data-comments-opened=\"0\" data-image-meta=\"{&quot;aperture&quot;:&quot;0&quot;,&quot;credit&quot;:&quot;&quot;,&quot;camera&quot;:&quot;&quot;,&quot;caption&quot;:&quot;&quot;,&quot;created_timestamp&quot;:&quot;0&quot;,&quot;copyright&quot;:&quot;&quot;,&quot;focal_length&quot;:&quot;0&quot;,&quot;iso&quot;:&quot;0&quot;,&quot;shutter_speed&quot;:&quot;0&quot;,&quot;title&quot;:&quot;&quot;,&quot;orientation&quot;:&quot;1&quot;}\" data-image-title=\"Cartouche-Instagram\" data-image-description=\"\" data-medium-file=\"https:\/\/i0.wp.com\/stephanecade.com\/wp-content\/uploads\/2020\/05\/Cartouche-Instagram.jpg?fit=300%2C60&amp;ssl=1\" data-large-file=\"https:\/\/i0.wp.com\/stephanecade.com\/wp-content\/uploads\/2020\/05\/Cartouche-Instagram.jpg?fit=525%2C105&amp;ssl=1\" loading=\"lazy\" width=\"525\" height=\"105\" src=\"https:\/\/i0.wp.com\/stephanecade.com\/wp-content\/uploads\/2020\/05\/Cartouche-Instagram.jpg?resize=525%2C105&#038;ssl=1\" alt=\"\" class=\"wp-image-415\" srcset=\"https:\/\/i0.wp.com\/stephanecade.com\/wp-content\/uploads\/2020\/05\/Cartouche-Instagram.jpg?w=1000&amp;ssl=1 1000w, https:\/\/i0.wp.com\/stephanecade.com\/wp-content\/uploads\/2020\/05\/Cartouche-Instagram.jpg?resize=300%2C60&amp;ssl=1 300w, https:\/\/i0.wp.com\/stephanecade.com\/wp-content\/uploads\/2020\/05\/Cartouche-Instagram.jpg?resize=768%2C154&amp;ssl=1 768w\" sizes=\"(max-width: 706px) 89vw, (max-width: 767px) 82vw, 740px\" data-recalc-dims=\"1\" \/><\/a><\/figure>\n\n\n\n<p>En dessous il s\u2019agit de plateformes de streaming. Super important. Le march\u00e9 de la musique, maintenant, c\u2019est l\u00e0.\u00a0Si tu as un abonnement \u00e0 l\u2019une ou l\u2019autre, tu peux m\u2019y retrouver ! Tous mes albums y sont. L\u00e0 encore, cliquer sur like, s\u2019abonner ou cliquer sur follow, c\u2019est faire exister ces chansons, leur donner une chance quoi. Merci.<\/p>\n\n\n\n<figure class=\"wp-block-image size-large\"><a href=\"https:\/\/www.deezer.com\/fr\/artist\/519591\" target=\"_blank\" rel=\"noopener noreferrer\"><img data-attachment-id=\"420\" data-permalink=\"https:\/\/stephanecade.com\/index.php\/marelle\/cartouche-deezer\/\" data-orig-file=\"https:\/\/i2.wp.com\/stephanecade.com\/wp-content\/uploads\/2020\/05\/Cartouche-Deezer.jpg?fit=1000%2C200&amp;ssl=1\" data-orig-size=\"1000,200\" data-comments-opened=\"0\" data-image-meta=\"{&quot;aperture&quot;:&quot;0&quot;,&quot;credit&quot;:&quot;&quot;,&quot;camera&quot;:&quot;&quot;,&quot;caption&quot;:&quot;&quot;,&quot;created_timestamp&quot;:&quot;0&quot;,&quot;copyright&quot;:&quot;&quot;,&quot;focal_length&quot;:&quot;0&quot;,&quot;iso&quot;:&quot;0&quot;,&quot;shutter_speed&quot;:&quot;0&quot;,&quot;title&quot;:&quot;&quot;,&quot;orientation&quot;:&quot;1&quot;}\" data-image-title=\"Cartouche-Deezer\" data-image-description=\"\" data-medium-file=\"https:\/\/i2.wp.com\/stephanecade.com\/wp-content\/uploads\/2020\/05\/Cartouche-Deezer.jpg?fit=300%2C60&amp;ssl=1\" data-large-file=\"https:\/\/i2.wp.com\/stephanecade.com\/wp-content\/uploads\/2020\/05\/Cartouche-Deezer.jpg?fit=525%2C105&amp;ssl=1\" loading=\"lazy\" width=\"525\" height=\"105\" src=\"https:\/\/i2.wp.com\/stephanecade.com\/wp-content\/uploads\/2020\/05\/Cartouche-Deezer.jpg?resize=525%2C105&#038;ssl=1\" alt=\"\" class=\"wp-image-420\" srcset=\"https:\/\/i2.wp.com\/stephanecade.com\/wp-content\/uploads\/2020\/05\/Cartouche-Deezer.jpg?w=1000&amp;ssl=1 1000w, https:\/\/i2.wp.com\/stephanecade.com\/wp-content\/uploads\/2020\/05\/Cartouche-Deezer.jpg?resize=300%2C60&amp;ssl=1 300w, https:\/\/i2.wp.com\/stephanecade.com\/wp-content\/uploads\/2020\/05\/Cartouche-Deezer.jpg?resize=768%2C154&amp;ssl=1 768w\" sizes=\"(max-width: 706px) 89vw, (max-width: 767px) 82vw, 740px\" data-recalc-dims=\"1\" \/><\/a><\/figure>\n\n\n\n<figure class=\"wp-block-image size-large\"><a href=\"https:\/\/open.spotify.com\/artist\/1BgxShVSYnbgvlUMkMc5np\" target=\"_blank\" rel=\"noopener noreferrer\"><img data-attachment-id=\"422\" data-permalink=\"https:\/\/stephanecade.com\/index.php\/marelle\/cartouche-spotify\/\" data-orig-file=\"https:\/\/i1.wp.com\/stephanecade.com\/wp-content\/uploads\/2020\/05\/Cartouche-Spotify.jpg?fit=1000%2C200&amp;ssl=1\" data-orig-size=\"1000,200\" data-comments-opened=\"0\" data-image-meta=\"{&quot;aperture&quot;:&quot;0&quot;,&quot;credit&quot;:&quot;&quot;,&quot;camera&quot;:&quot;&quot;,&quot;caption&quot;:&quot;&quot;,&quot;created_timestamp&quot;:&quot;0&quot;,&quot;copyright&quot;:&quot;&quot;,&quot;focal_length&quot;:&quot;0&quot;,&quot;iso&quot;:&quot;0&quot;,&quot;shutter_speed&quot;:&quot;0&quot;,&quot;title&quot;:&quot;&quot;,&quot;orientation&quot;:&quot;1&quot;}\" data-image-title=\"Cartouche-Spotify\" data-image-description=\"\" data-medium-file=\"https:\/\/i1.wp.com\/stephanecade.com\/wp-content\/uploads\/2020\/05\/Cartouche-Spotify.jpg?fit=300%2C60&amp;ssl=1\" data-large-file=\"https:\/\/i1.wp.com\/stephanecade.com\/wp-content\/uploads\/2020\/05\/Cartouche-Spotify.jpg?fit=525%2C105&amp;ssl=1\" loading=\"lazy\" width=\"525\" height=\"105\" src=\"https:\/\/i1.wp.com\/stephanecade.com\/wp-content\/uploads\/2020\/05\/Cartouche-Spotify.jpg?resize=525%2C105&#038;ssl=1\" alt=\"\" class=\"wp-image-422\" srcset=\"https:\/\/i1.wp.com\/stephanecade.com\/wp-content\/uploads\/2020\/05\/Cartouche-Spotify.jpg?w=1000&amp;ssl=1 1000w, https:\/\/i1.wp.com\/stephanecade.com\/wp-content\/uploads\/2020\/05\/Cartouche-Spotify.jpg?resize=300%2C60&amp;ssl=1 300w, https:\/\/i1.wp.com\/stephanecade.com\/wp-content\/uploads\/2020\/05\/Cartouche-Spotify.jpg?resize=768%2C154&amp;ssl=1 768w\" sizes=\"(max-width: 706px) 89vw, (max-width: 767px) 82vw, 740px\" data-recalc-dims=\"1\" \/><\/a><\/figure>\n\n\n\n<figure class=\"wp-block-image size-large\"><a href=\"https:\/\/www.qobuz.com\/ch-fr\/interpreter\/stephane-cade\/download-streaming-albums\" target=\"_blank\" rel=\"noopener noreferrer\"><img data-attachment-id=\"424\" data-permalink=\"https:\/\/stephanecade.com\/index.php\/marelle\/cartouche-qobuz\/\" data-orig-file=\"https:\/\/i2.wp.com\/stephanecade.com\/wp-content\/uploads\/2020\/05\/Cartouche-qobuz.jpg?fit=1000%2C200&amp;ssl=1\" data-orig-size=\"1000,200\" data-comments-opened=\"0\" data-image-meta=\"{&quot;aperture&quot;:&quot;0&quot;,&quot;credit&quot;:&quot;&quot;,&quot;camera&quot;:&quot;&quot;,&quot;caption&quot;:&quot;&quot;,&quot;created_timestamp&quot;:&quot;0&quot;,&quot;copyright&quot;:&quot;&quot;,&quot;focal_length&quot;:&quot;0&quot;,&quot;iso&quot;:&quot;0&quot;,&quot;shutter_speed&quot;:&quot;0&quot;,&quot;title&quot;:&quot;&quot;,&quot;orientation&quot;:&quot;1&quot;}\" data-image-title=\"Cartouche-qobuz\" data-image-description=\"\" data-medium-file=\"https:\/\/i2.wp.com\/stephanecade.com\/wp-content\/uploads\/2020\/05\/Cartouche-qobuz.jpg?fit=300%2C60&amp;ssl=1\" data-large-file=\"https:\/\/i2.wp.com\/stephanecade.com\/wp-content\/uploads\/2020\/05\/Cartouche-qobuz.jpg?fit=525%2C105&amp;ssl=1\" loading=\"lazy\" width=\"525\" height=\"105\" src=\"https:\/\/i2.wp.com\/stephanecade.com\/wp-content\/uploads\/2020\/05\/Cartouche-qobuz.jpg?resize=525%2C105&#038;ssl=1\" alt=\"\" class=\"wp-image-424\" srcset=\"https:\/\/i2.wp.com\/stephanecade.com\/wp-content\/uploads\/2020\/05\/Cartouche-qobuz.jpg?w=1000&amp;ssl=1 1000w, https:\/\/i2.wp.com\/stephanecade.com\/wp-content\/uploads\/2020\/05\/Cartouche-qobuz.jpg?resize=300%2C60&amp;ssl=1 300w, https:\/\/i2.wp.com\/stephanecade.com\/wp-content\/uploads\/2020\/05\/Cartouche-qobuz.jpg?resize=768%2C154&amp;ssl=1 768w\" sizes=\"(max-width: 706px) 89vw, (max-width: 767px) 82vw, 740px\" data-recalc-dims=\"1\" \/><\/a><\/figure>\n\n\n\n<figure class=\"wp-block-image size-large\"><a href=\"https:\/\/music.apple.com\/pl\/artist\/st%C3%A9phane-cad%C3%A9\/333791361\" target=\"_blank\" rel=\"noopener noreferrer\"><img data-attachment-id=\"426\" data-permalink=\"https:\/\/stephanecade.com\/index.php\/marelle\/cartouche-apple\/\" data-orig-file=\"https:\/\/i0.wp.com\/stephanecade.com\/wp-content\/uploads\/2020\/05\/Cartouche-Apple.jpg?fit=1000%2C200&amp;ssl=1\" data-orig-size=\"1000,200\" data-comments-opened=\"0\" data-image-meta=\"{&quot;aperture&quot;:&quot;0&quot;,&quot;credit&quot;:&quot;&quot;,&quot;camera&quot;:&quot;&quot;,&quot;caption&quot;:&quot;&quot;,&quot;created_timestamp&quot;:&quot;0&quot;,&quot;copyright&quot;:&quot;&quot;,&quot;focal_length&quot;:&quot;0&quot;,&quot;iso&quot;:&quot;0&quot;,&quot;shutter_speed&quot;:&quot;0&quot;,&quot;title&quot;:&quot;&quot;,&quot;orientation&quot;:&quot;1&quot;}\" data-image-title=\"Cartouche-Apple\" data-image-description=\"\" data-medium-file=\"https:\/\/i0.wp.com\/stephanecade.com\/wp-content\/uploads\/2020\/05\/Cartouche-Apple.jpg?fit=300%2C60&amp;ssl=1\" data-large-file=\"https:\/\/i0.wp.com\/stephanecade.com\/wp-content\/uploads\/2020\/05\/Cartouche-Apple.jpg?fit=525%2C105&amp;ssl=1\" loading=\"lazy\" width=\"525\" height=\"105\" src=\"https:\/\/i0.wp.com\/stephanecade.com\/wp-content\/uploads\/2020\/05\/Cartouche-Apple.jpg?resize=525%2C105&#038;ssl=1\" alt=\"\" class=\"wp-image-426\" srcset=\"https:\/\/i0.wp.com\/stephanecade.com\/wp-content\/uploads\/2020\/05\/Cartouche-Apple.jpg?w=1000&amp;ssl=1 1000w, https:\/\/i0.wp.com\/stephanecade.com\/wp-content\/uploads\/2020\/05\/Cartouche-Apple.jpg?resize=300%2C60&amp;ssl=1 300w, https:\/\/i0.wp.com\/stephanecade.com\/wp-content\/uploads\/2020\/05\/Cartouche-Apple.jpg?resize=768%2C154&amp;ssl=1 768w\" sizes=\"(max-width: 706px) 89vw, (max-width: 767px) 82vw, 740px\" data-recalc-dims=\"1\" \/><\/a><\/figure>\n\n\n\n<figure class=\"wp-block-image size-large\"><a href=\"https:\/\/listen.tidal.com\/album\/137601985?awc=17117_1587120431_ab33b3a9ec26752af794a54a67f37c89&amp;utm_source=AWIN&amp;utm_medium=316451&amp;utm_campaign=Linkfire&amp;utm_term=Generic_TextLink&amp;fbclid=IwAR1h-BsAbVJWohSewxX17x5a_SkpiytdVd82rkWnqmCD0embRzdKOgxy2q0\" target=\"_blank\" rel=\"noopener noreferrer\"><img data-attachment-id=\"428\" data-permalink=\"https:\/\/stephanecade.com\/index.php\/marelle\/cartouche-tidal\/\" data-orig-file=\"https:\/\/i0.wp.com\/stephanecade.com\/wp-content\/uploads\/2020\/05\/Cartouche-Tidal.jpg?fit=1000%2C200&amp;ssl=1\" data-orig-size=\"1000,200\" data-comments-opened=\"0\" data-image-meta=\"{&quot;aperture&quot;:&quot;0&quot;,&quot;credit&quot;:&quot;&quot;,&quot;camera&quot;:&quot;&quot;,&quot;caption&quot;:&quot;&quot;,&quot;created_timestamp&quot;:&quot;0&quot;,&quot;copyright&quot;:&quot;&quot;,&quot;focal_length&quot;:&quot;0&quot;,&quot;iso&quot;:&quot;0&quot;,&quot;shutter_speed&quot;:&quot;0&quot;,&quot;title&quot;:&quot;&quot;,&quot;orientation&quot;:&quot;1&quot;}\" data-image-title=\"Cartouche-Tidal\" data-image-description=\"\" data-medium-file=\"https:\/\/i0.wp.com\/stephanecade.com\/wp-content\/uploads\/2020\/05\/Cartouche-Tidal.jpg?fit=300%2C60&amp;ssl=1\" data-large-file=\"https:\/\/i0.wp.com\/stephanecade.com\/wp-content\/uploads\/2020\/05\/Cartouche-Tidal.jpg?fit=525%2C105&amp;ssl=1\" loading=\"lazy\" width=\"525\" height=\"105\" src=\"https:\/\/i0.wp.com\/stephanecade.com\/wp-content\/uploads\/2020\/05\/Cartouche-Tidal.jpg?resize=525%2C105&#038;ssl=1\" alt=\"\" class=\"wp-image-428\" srcset=\"https:\/\/i0.wp.com\/stephanecade.com\/wp-content\/uploads\/2020\/05\/Cartouche-Tidal.jpg?w=1000&amp;ssl=1 1000w, https:\/\/i0.wp.com\/stephanecade.com\/wp-content\/uploads\/2020\/05\/Cartouche-Tidal.jpg?resize=300%2C60&amp;ssl=1 300w, https:\/\/i0.wp.com\/stephanecade.com\/wp-content\/uploads\/2020\/05\/Cartouche-Tidal.jpg?resize=768%2C154&amp;ssl=1 768w\" sizes=\"(max-width: 706px) 89vw, (max-width: 767px) 82vw, 740px\" data-recalc-dims=\"1\" \/><\/a><\/figure>\n\n\n\n<figure class=\"wp-block-image size-large\"><a href=\"http:\/\/lefurieux.org\/boutique\/\" target=\"_blank\" rel=\"noopener noreferrer\"><img data-attachment-id=\"430\" data-permalink=\"https:\/\/stephanecade.com\/index.php\/marelle\/cartouche-boutique\/\" data-orig-file=\"https:\/\/i1.wp.com\/stephanecade.com\/wp-content\/uploads\/2020\/05\/Cartouche-Boutique.jpg?fit=1000%2C200&amp;ssl=1\" data-orig-size=\"1000,200\" data-comments-opened=\"0\" data-image-meta=\"{&quot;aperture&quot;:&quot;0&quot;,&quot;credit&quot;:&quot;&quot;,&quot;camera&quot;:&quot;&quot;,&quot;caption&quot;:&quot;&quot;,&quot;created_timestamp&quot;:&quot;0&quot;,&quot;copyright&quot;:&quot;&quot;,&quot;focal_length&quot;:&quot;0&quot;,&quot;iso&quot;:&quot;0&quot;,&quot;shutter_speed&quot;:&quot;0&quot;,&quot;title&quot;:&quot;&quot;,&quot;orientation&quot;:&quot;1&quot;}\" data-image-title=\"Cartouche-Boutique\" data-image-description=\"\" data-medium-file=\"https:\/\/i1.wp.com\/stephanecade.com\/wp-content\/uploads\/2020\/05\/Cartouche-Boutique.jpg?fit=300%2C60&amp;ssl=1\" data-large-file=\"https:\/\/i1.wp.com\/stephanecade.com\/wp-content\/uploads\/2020\/05\/Cartouche-Boutique.jpg?fit=525%2C105&amp;ssl=1\" loading=\"lazy\" width=\"525\" height=\"105\" src=\"https:\/\/i1.wp.com\/stephanecade.com\/wp-content\/uploads\/2020\/05\/Cartouche-Boutique.jpg?resize=525%2C105&#038;ssl=1\" alt=\"\" class=\"wp-image-430\" srcset=\"https:\/\/i1.wp.com\/stephanecade.com\/wp-content\/uploads\/2020\/05\/Cartouche-Boutique.jpg?w=1000&amp;ssl=1 1000w, https:\/\/i1.wp.com\/stephanecade.com\/wp-content\/uploads\/2020\/05\/Cartouche-Boutique.jpg?resize=300%2C60&amp;ssl=1 300w, https:\/\/i1.wp.com\/stephanecade.com\/wp-content\/uploads\/2020\/05\/Cartouche-Boutique.jpg?resize=768%2C154&amp;ssl=1 768w\" sizes=\"(max-width: 706px) 89vw, (max-width: 767px) 82vw, 740px\" data-recalc-dims=\"1\" \/><\/a><\/figure>\n\n\n\n<h2><strong>MERCI<\/strong> \ud83d\ude42 <\/h2>\n","protected":false},"excerpt":{"rendered":"<p>Cher visiteur, aujourd\u2019hui comme tu sais, la popularit\u00e9 d\u2019un artiste se mesure en nombre de clics. Les algorithmes qui pilotent&nbsp;les r\u00e9seaux sociaux se fichent bien de savoir si la chanson est bonne. Ils comptent les clics, un point c\u2019est tout. Dans la chanson fran\u00e7aise on clique peu. On a pass\u00e9 l\u2019\u00e2ge, on a sa fiert\u00e9, &hellip; <\/p>\n<p class=\"link-more\"><a href=\"https:\/\/stephanecade.com\/index.php\/marelle\/\" class=\"more-link\">Continuer la lecture<span class=\"screen-reader-text\"> de &laquo;&nbsp;Marelle&nbsp;&raquo;<\/span><\/a><\/p>\n","protected":false},"author":1,"featured_media":0,"parent":0,"menu_order":0,"comment_status":"closed","ping_status":"closed","template":"","meta":{"spay_email":""},"yoast_head":"<!-- This site is optimized with the Yoast SEO plugin v15.2.1 - https:\/\/yoast.com\/wordpress\/plugins\/seo\/ -->\n<title>Marelle - ST\u00c9PHANE CAD\u00c9<\/title>\n<meta name=\"robots\" content=\"index, follow, max-snippet:-1, max-image-preview:large, max-video-preview:-1\" \/>\n<link rel=\"canonical\" href=\"https:\/\/stephanecade.com\/index.php\/marelle\/\" \/>\n<meta property=\"og:locale\" content=\"fr_FR\" \/>\n<meta property=\"og:type\" content=\"article\" \/>\n<meta property=\"og:title\" content=\"Marelle - ST\u00c9PHANE CAD\u00c9\" \/>\n<meta property=\"og:description\" content=\"Cher visiteur, aujourd\u2019hui comme tu sais, la popularit\u00e9 d\u2019un artiste se mesure en nombre de clics. Les algorithmes qui pilotent&nbsp;les r\u00e9seaux sociaux se fichent bien de savoir si la chanson est bonne. Ils comptent les clics, un point c\u2019est tout. Dans la chanson fran\u00e7aise on clique peu. On a pass\u00e9 l\u2019\u00e2ge, on a sa fiert\u00e9, &hellip; Continuer la lecture de &laquo;&nbsp;Marelle&nbsp;&raquo;\" \/>\n<meta property=\"og:url\" content=\"https:\/\/stephanecade.com\/index.php\/marelle\/\" \/>\n<meta property=\"og:site_name\" content=\"ST\u00c9PHANE CAD\u00c9\" \/>\n<meta property=\"article:modified_time\" content=\"2020-05-25T07:26:49+00:00\" \/>\n<meta property=\"og:image\" content=\"https:\/\/stephanecade.com\/wp-content\/uploads\/2020\/05\/Cartouche-Facebook.jpg\" \/>\n<meta name=\"twitter:card\" content=\"summary_large_image\" \/>\n<meta name=\"twitter:label1\" content=\"\u00c9crit par\">\n\t<meta name=\"twitter:data1\" content=\"admin3210\">\n\t<meta name=\"twitter:label2\" content=\"Dur\u00e9e de lecture est.\">\n\t<meta name=\"twitter:data2\" content=\"1 minute\">\n<script type=\"application\/ld+json\" class=\"yoast-schema-graph\">{\"@context\":\"https:\/\/schema.org\",\"@graph\":[{\"@type\":\"WebSite\",\"@id\":\"https:\/\/stephanecade.com\/#website\",\"url\":\"https:\/\/stephanecade.com\/\",\"name\":\"ST\\u00c9PHANE CAD\\u00c9\",\"description\":\"SITE OFFICIEL\",\"potentialAction\":[{\"@type\":\"SearchAction\",\"target\":\"https:\/\/stephanecade.com\/?s={search_term_string}\",\"query-input\":\"required name=search_term_string\"}],\"inLanguage\":\"fr-FR\"},{\"@type\":\"ImageObject\",\"@id\":\"https:\/\/stephanecade.com\/index.php\/marelle\/#primaryimage\",\"inLanguage\":\"fr-FR\",\"url\":\"https:\/\/i0.wp.com\/stephanecade.com\/wp-content\/uploads\/2020\/05\/Cartouche-Facebook.jpg?fit=1000%2C200&ssl=1\",\"width\":1000,\"height\":200},{\"@type\":\"WebPage\",\"@id\":\"https:\/\/stephanecade.com\/index.php\/marelle\/#webpage\",\"url\":\"https:\/\/stephanecade.com\/index.php\/marelle\/\",\"name\":\"Marelle - ST\\u00c9PHANE CAD\\u00c9\",\"isPartOf\":{\"@id\":\"https:\/\/stephanecade.com\/#website\"},\"primaryImageOfPage\":{\"@id\":\"https:\/\/stephanecade.com\/index.php\/marelle\/#primaryimage\"},\"datePublished\":\"2020-05-20T21:24:38+00:00\",\"dateModified\":\"2020-05-25T07:26:49+00:00\",\"inLanguage\":\"fr-FR\",\"potentialAction\":[{\"@type\":\"ReadAction\",\"target\":[\"https:\/\/stephanecade.com\/index.php\/marelle\/\"]}]}]}<\/script>\n<!-- \/ Yoast SEO plugin. -->","_links":{"self":[{"href":"https:\/\/stephanecade.com\/index.php\/wp-json\/wp\/v2\/pages\/405"}],"collection":[{"href":"https:\/\/stephanecade.com\/index.php\/wp-json\/wp\/v2\/pages"}],"about":[{"href":"https:\/\/stephanecade.com\/index.php\/wp-json\/wp\/v2\/types\/page"}],"author":[{"embeddable":true,"href":"https:\/\/stephanecade.com\/index.php\/wp-json\/wp\/v2\/users\/1"}],"replies":[{"embeddable":true,"href":"https:\/\/stephanecade.com\/index.php\/wp-json\/wp\/v2\/comments?post=405"}],"version-history":[{"count":21,"href":"https:\/\/stephanecade.com\/index.php\/wp-json\/wp\/v2\/pages\/405\/revisions"}],"predecessor-version":[{"id":978,"href":"https:\/\/stephanecade.com\/index.php\/wp-json\/wp\/v2\/pages\/405\/revisions\/978"}],"wp:attachment":[{"href":"https:\/\/stephanecade.com\/index.php\/wp-json\/wp\/v2\/media?parent=405"}],"curies":[{"name":"wp","href":"https:\/\/api.w.org\/{rel}","templated":true}]}}